of 6038 and 2957364096.
6038
Calculate the greatest common factor of 141335 and 920.
115
Calculate the greatest common factor of 375 and 664410.
15
Calculate the greatest common divisor of 11550978 and 12.
6
What is the highest common divisor of 2390426 and 201?
67
What is the highest common divisor of 7455 and 853125?
105
What is the greatest common factor of 16598435 and 805?
35
What is the greatest common factor of 13722482 and 2?
2
Calculate the greatest common factor of 8 and 3139937232.
8
What is the highest common factor of 78606920 and 520430?
7330
What is the greatest common factor of 3165 and 199839155?
1055
What is the highest common factor of 20 and 1761032380?
20
Calculate the greatest common divisor of 16 and 106238464.
16
What is the greatest common factor of 67048519 and 46?
23
Calculate the highest common divisor of 256 and 23244176.
16
Calculate the greatest common divisor of 6103340 and 464.
116
Calculate the greatest common divisor of 428883 and 12831.
273
What is the greatest common factor of 1470 and 4497990?
210
Calculate the greatest common divisor of 4833634212 and 36.
36
What is the greatest common divisor of 1017592210 and 10?
10
Calculate the greatest common divisor of 246 and 51844623.
123
Calculate the greatest common factor of 30944 and 1335427.
967
Calculate the greatest common factor of 24134 and 23982614.
2194
Calculate the highest common divisor of 20430760 and 557.
557
Calculate the greatest common divisor of 1293750 and 17848.
46
What is the highest common factor of 12915 and 18609490?
205
What is the highest common divisor of 36799850 and 220?
10
What is the highest common factor of 1972000 and 14848?
928
What is the highest common divisor of 68276 and 239269?
101
Calculate the greatest common factor of 11025 and 72000.
225
Calculate the highest common divisor of 1011957 and 94329.
141
What is the highest common divisor of 95 and 308117395?
95
What is the highest common factor of 84559672 and 802?
802
Calculate the greatest common divisor of 18 and 56345022.
18
Calculate the highest common factor of 60 and 232976700.
60
Calculate the highest common divisor of 62635 and 58.
1
What is the greatest common divisor of 27 and 80311617?
9
Calculate the highest common divisor of 3108000 and 118800.
1200
What is the greatest common divisor of 133000 and 13899032?
1064
What is the greatest common divisor of 625 and 17495?
5
Calculate the highest common factor of 3222 and 2214.
18
What is the highest common divisor of 630208 and 7912?
344
Calculate the highest common factor of 75231501 and 27.
3
What is the highest common factor of 27864 and 1926912?
24
What is the highest common factor of 66 and 96999056?
22
What is the greatest common divisor of 1330648 and 224?
8
What is the highest common factor of 276 and 7097271?
69
What is the greatest common factor of 2502 and 44439134?
278
What is the greatest common factor of 2423830 and 430?
10
Calculate the greatest common factor of 5489 and 462979.
11
Calculate the greatest common factor of 15311820 and 480.
60
What is the greatest common divisor of 4 and 787383?
1
What is the highest common factor of 4796 and 1538317?
1199
Calculate the highest common factor of 9830364 and 191776.
1844
What is the greatest common divisor of 1412 and 169664?
4
Calculate the highest common divisor of 9225395 and 517.
47
Calculate the greatest common divisor of 115 and 103408.
23
What is the highest common divisor of 11 and 48941772?
11
What is the highest common divisor of 32985990 and 6?
6
What is the highest common factor of 380763 and 3141?
9
Calculate the greatest common divisor of 99 and 85928913.
9
Calculate the greatest common factor of 52328028 and 12.
12
What is the greatest common factor of 3430 and 8385664?
686
Calculate the greatest common factor of 1160 and 14263070.
290
What is the greatest common factor of 1402 and 188?
2
Calculate the greatest common factor of 23850814 and 52.
26
Calculate the highest common factor of 21612 and 37572.
12
Calculate the greatest common divisor of 38144 and 17284.
596
What is the highest common factor of 4329616 and 56?
8
What is the greatest common divisor of 15552 and 1059723?
243
Calculate the greatest common divisor of 4902 and 1364949.
129
Calculate the highest common factor of 9801 and 820017.
3267
Calculate the greatest common factor of 3687243 and 3195.
213
Calculate the greatest common factor of 2712460 and 228.
4
What is the highest common factor of 1010224 and 24720?
1648
What is the greatest common divisor of 43 and 35060093?
43
What is the greatest common divisor of 254 and 6875889982?
254
Calculate the greatest common divisor of 40088763 and 6149.
143
What is the highest common factor of 26049 and 52136?
19
Calculate the highest common factor of 1058607 and 60199.
37
Calculate the greatest common divisor of 28077 and 2247.
21
Calculate the greatest common divisor of 510 and 11179370.
170
What is the highest common factor of 791 and 4652097?
113
Calculate the greatest common factor of 8109 and 734553.
153
Calculate the highest common factor of 241080 and 426810.
1230
Calculate the highest common factor of 14128 and 738799036.
3532
Calculate the greatest common factor of 2486 and 7711007.
113
What is the highest common divisor of 91654068 and 88?
44
Calculate the highest common divisor of 546 and 56133.
21
Calculate the greatest common divisor of 129 and 283914939.
129
Calculate the greatest common factor of 154 and 53014346.
154
Calculate the highest common divisor of 3359879 and 114523.
1613
Calculate the highest common factor of 6140 and 296472970.
3070
Calculate the highest common divisor of 9 and 421415.
1
Calculate the highest common factor of 111074 and 815517.
2923
Calculate the greatest common factor of 693795 and 213003.
69
Calculate the highest common factor of 62 and 152086155.
31
Calculate the highest common factor of 10081 and 101779.
17
What is the highest common factor of 43563 and 2574?
39
What is the highest common factor of 850 and 48307268?
34
Calculate the greatest common divisor of 949 and 1221776764.
949
What is the greatest common divisor of 5971 and 18009389?
853
What is the highest common factor of 316 and 6381857?
79
What is the highest common factor of 319 and 528704?
11
What is the greatest common divisor of 54 and 5920686?
18
What is the greatest common factor of 16195744 and 60512?
1952
Calculate the greatest common factor of 1226833179 and 23.
23
What is the highest common factor of 574411 and 37769?
179
Calculate the highest common divisor of 29934135 and 14091.
231
What is the highest common factor of 615 and 575954265?
615
Calculate the greatest common factor of 336 and 1323984.
48
Calculate the greatest common divisor of 46187963 and 34.
17
What is the greatest common divisor of 51 and 173952041?
17
What is the greatest common factor of 1620928 and 23769?
19
What is the greatest common divisor of 20464316 and 74677?
1409
What is the greatest common divisor of 19031700 and 300?
300
Calculate the greatest common factor of 11655 and 257565.
105
What is the greatest common divisor of 13699030 and 2300?
230
Calculate the greatest common divisor of 372527 and 36425.
31
Calculate the greatest common divisor of 78982848 and 133.
133
What is the greatest common divisor of 24563 and 3508043?
2233
Calculate the greatest common divisor of 12048 and 69672.
24
Calculate the highest common factor of 276462 and 450.
18
Calculate the greatest common factor of 3627651 and 31.
31
Calculate the highest common factor of 4816838 and 676.
338
Calculate the greatest common divisor of 270170173 and 26.
13
What is the greatest common divisor of 72000 and 3508000?
4000
What is the highest common factor of 210488 and 61752?
664
Calculate the highest common factor of 17540 and 1377056630.
8770
Calculate the greatest common factor of 3 and 8723502.
3
Calculate the greatest common divisor of 15690 and 14670.
30
Calculate the highest common divisor of 625 and 16422300.
25
What is the highest common factor of 183 and 220281187?
61
What is the greatest common divisor of 4970269 and 590167?
2797
What is the greatest common factor of 40861174 and 1107?
41
What is the highest common factor of 155 and 29826991?
31
What is the g